lculate the greatest common divisor of c and l.
10
Let d(r) = -17*r + 1073. Let p be d(52). What is the highest common divisor of 108 and p?
27
Let c = 54304 - 25574. Calculate the greatest common factor of 52 and c.
26
Let r = 635 + -635. Suppose 2*n + 3*t - 11 = r, 4*n + 3*t = -24 + 43. What is the highest common factor of 4 and n?
4
Suppose -26*x + 32*x - 24 = 0. Suppose -4*g = -x*v, -4*g = v - 12 + 2. Suppose -4961 = -9*p - v*p. Calculate the highest common divisor of 41 and p.
41
Suppose -2*c + 0*c + 13 = 3*w, 4*w + 4*c = 20. Let g(s) = -s**3 - 3*s**2 + 6*s - 3. Let m be g(-5). What is the greatest common factor of m and w?
1
Let h(t) = 20*t + 1384. Let m be h(-69). What is the highest common factor of 340 and m?
4
Let o be (-2)/(-6) + (3 - 6/(-9)). Let w be 1 + (-7)/o - 118/(-8). Calculate the highest common factor of 140 and w.
14
Suppose 17 = 8*z - 23. Suppose z*b - 10 = 85. Suppose 284 = 2*t - 134. What is the greatest common divisor of b and t?
19
Suppose -17*s + 1733 + 1837 = 0. Suppose -3*t - 3*q - s = 0, 2*q + 46 = -5*t - 313. Let j = 101 + t. Calculate the greatest common divisor of j and 7.
7
Suppose 5*v - 3*v = 12. Let h be (4/v)/((-20)/(-90)). Suppose -5*b + 55 = -0*b + 3*r, -4*b = -h*r - 71. Calculate the greatest common divisor of 21 and b.
7
Let q = 11946 + -7829. Calculate the highest common divisor of q and 23.
23
Suppose -77 = -2*s - 5*b, -4*b - 69 = -5*s + 206. Suppose -9*m = s - 204. Suppose m*q = 21*q - 56. What is the highest common factor of 98 and q?
14
Let t(s) = 302*s - 20. Suppose 5*h + 5*c - 28 = -18, 2*c + 1 = 3*h. Let m be t(h). Calculate the greatest common factor of m and 6.
6
Suppose f - 2*q = 21, -2*q - 3 = 5. Calculate the highest common factor of 2509 and f.
13
Let s(y) = -1440*y - 8192. Let z be s(-6). What is the highest common divisor of z and 924?
28
Let o be -936*(-24)/72*(-9)/(-6). What is the greatest common factor of o and 24?
12
Let z(a) = 5*a + 16. Let y(g) = -g**2 - 12*g + 17. Let m be y(-13). Let r be z(m). Let n be 2 + -4 - 220/(-2). Calculate the greatest common divisor of r and n.
36
Suppose 0 = -15*d + 9*d + 666. Suppose -41*u + d = -38*u. Let j = u + -10. What is the highest common factor of j and 243?
27
Let k(m) = 10*m**2 - 1366*m + 2720. Let n be k(2). Let a be (14/(-6))/((-2)/12). What is the greatest common divisor of a and n?
14
Let y(b) = b**2 + 11*b + 28. Let s be y(-8). Suppose 0 = 3*v + 8 + 1. Let z be 14 - v/(1 - (-2)/4). What is the highest common divisor of s and z?
4
Let l(x) = 10*x + 0*x + 3*x - 12*x + 1. Let t(g) = -10*g - 69. Let b(r) = l(r) + t(r). Let z be b(-20). Calculate the greatest common divisor of z and 7.
7
Let v be ((-5)/(-2)*12/(-15))/((-1824)/57 - -31). Let k = 10 + 10. Suppose 2*d = 2*a + 10, -5*d + 5*a + k = -d. Calculate the highest common factor of d and v.
1
Suppose -48*u = -2183 - 409. Let l = 488 - 2. What is the highest common divisor of l and u?
54
Let x = -913 + 916. Calculate the greatest common factor of 213 and x.
3
Let f = 10642 - 6506. Calculate the highest common factor of 940 and f.
188
Let l = -353 - -358. Let k be -2 + ((-25)/l - -19). What is the highest common factor of 1668 and k?
12
Let t(c) = 23*c. Suppose -5*r + 33 = -3*r + 5*v, r = 5*v - 6. Let z be r/45 + 8/10. Let d be t(z). What is the greatest common divisor of 69 and d?
23
Let g(l) = 0 + 8 - l**2 - 4*l - 3*l + 3. Let s be g(-7). Let f(y) = 9*y + 26. Let t be f(13). Calculate the highest common divisor of t and s.
11
Suppose -1587*r + 794*r = -789*r - 40. Let i be (0 - 0 - -2) + 8. What is the highest common divisor of i and r?
10
Suppose -117*o - 4*v + 570 = -114*o, -o - 4*v = -198. What is the highest common factor of 4278 and o?
186
Suppose 4962 = 3*q + 3*r, 2*r - 7*r + 1630 = q. What is the highest common divisor of q and 20?
20
Suppose -4*z - 42 = -v, z = -14*v + 10*v + 134. Suppose 0 = -v*t + 27*t + 35. Let b(g) = -g + 1. Let s be b(0). What is the greatest common divisor of s and t?
1
Suppose -p - 2 = -6, 2*l - 12 = 2*p. What is the greatest common divisor of 274 and l?
2
Suppose 32*i - 2873 = -54*i + 2287. Suppose 0 = f - 2 - 3. Suppose -3*m + f + 40 = 0. Calculate the highest common divisor of m and i.
15
Let t(l) = 11*l**2 - 30*l - 661. Let o be t(-23). Calculate the greatest common divisor of 136 and o.
136
Let n(i) = 292*i - 6316. Let c be n(22). Calculate the greatest common factor of 4020 and c.
12
Suppose -q + 4*b = 7, -2*q - 4*b + 8 + 14 = 0. Suppose -q*g = -g - 104. Let o(s) = -8*s - 92. Let m be o(-18). What is the greatest common factor of m and g?
26
Let t = -4465 + 4507. What is the greatest common divisor of 19341 and t?
21
Let m = -346 - -348. Suppose l - r = 561, -16*r + 11*r - 1122 = -m*l. What is the highest common factor of 51 and l?
51
Let z be (-231)/22*((-48)/84)/((-6)/(-7)). Calculate the greatest common divisor of 847 and z.
7
Let k = -44 - -112. Suppose 16048 = k*b - 52*b. What is the greatest common divisor of b and 17?
17
Suppose 5*r - 13 = -4*g, 5*g - 157*r = -159*r + 46. What is the greatest common divisor of 966 and g?
6
Let z(n) = -231*n + 715. Let x be z(3). Calculate the greatest common factor of x and 2178.
22
Let w be -4*3*(-5)/30 - (-10 + 11). Calculate the greatest common factor of 16 and w.
1
Suppose 4*o - 3*v - 35 = 9, -52 = -5*o + 3*v. Suppose -320 = -5*u + 5*p, -o*p + 3*p - 119 = -2*u. Calculate the greatest common factor of u and 67.
67
Let b(f) = -422*f - 1610. Let m be b(-4). What is the highest common factor of m and 195?
39
Let r(p) = -4*p + 7. Let m be r(-7). Suppose 0 = -c + 2219 - 2215. Suppose -c*t = -5*w - m, -w = -4*w - 9. Calculate the greatest common factor of t and 2.
1
Let m(h) = 10*h - 42. Let f be m(16). Suppose 5*s - 4*c = 337, 2*s + 9*c - f = 5*c. What is the greatest common divisor of s and 117?
13
Suppose -2*c - n + 54 = 0, -5*n + 19 + 19 = 2*c. Let t = c + -19. Suppose -u + 5*g + 90 = 0, -7*g = -2*g. Calculate the greatest common divisor of t and u.
10
Let w(q) = q**2 + 112 - 14*q + 2*q + 32*q. Let r be w(-13). Calculate the greatest common divisor of r and 609.
21
Let q be (18/(-5))/((-4)/(-10)). Let w(f) = 4*f + 10. Let m be w(q). Let g = 42 + m. Calculate the highest common factor of 40 and g.
8
Let k(z) = z**3 + 36*z**2 - 205*z + 28. Let p be k(7). What is the greatest common divisor of 140 and p?
140
Suppose -f - f + 8 = 2*p, -3*f + p = -4. Let r be (-280)/(-30)*-21*136/(-833). Calculate the greatest common divisor of r and f.
2
Suppose 3*p + 49 = -s, 0*p + p + 207 = -4*s. Let i = s - -66. Suppose 0 = -0*v + 3*v - 12. Calculate the highest common divisor of v and i.
2
Let o = -150 + 154. Suppose 7 + 53 = o*p. What is the greatest common factor of p and 435?
15
Suppose -5*c - 2*j + 4206 = 0, -14*c + 1689 = -12*c + 3*j. Calculate the highest common factor of c and 105.
105
Let o = -2243 + 2245. Calculate the greatest common divisor of 1966 and o.
2
Let j(q) = q**2 - 97*q + 351. Let t be j(116). Calculate the greatest common divisor of t and 7.
7
Suppose -53 = -5*r + 42. Suppose 0 = -21*d + r*d + 126. Let a(n) = -n**2 + 9*n - 5. Let c be a(7). Calculate the greatest common divisor of c and d.
9
Suppose -2379 = -24*m + 1461. Suppose 418*n - 416*n = m. Calculate the greatest common divisor of 64 and n.
16
Suppose -q - 2*u + 4 + 334 = 0, -4*q + 3*u = -1341. What is the highest common factor of 189 and q?
21
Let b(t) = -8*t + 9. Let s be b(6). Let k = 46 + s. Let q be (k - 4)/((-6)/(-32)). What is the highest common divisor of 32 and q?
16
Suppose -5*l + b = -212, -7767*b = 3*l - 7787*b + 125. Suppose -24 = 2*q - 0*q. Let w be (-10)/(1 - (-14)/q). Calculate the highest common divisor of w and l.
15
Let c = 359 - 283. What is the greatest common factor of 2812 and c?
76
Let k = 11357 - -19408. Calculate the greatest common divisor of k and 105.
105
Suppose -h - 671 = -i, -12*i + 21*h + 8024 = 16*h. What is the greatest common factor of i and 23?
23
Suppose 0 = -39*z - 102653 + 364175 + 261468. Calculate the greatest common divisor of 90 and z.
90
Let z be ((-26)/6 + 5)/(6/9) - -114. Calculate the greatest common factor of z and 437.
23
Suppose -4*k = 4*x - 104, 8 - 175 = -4*k + 5*x. Suppose 0 = 4*b - 0*b - 44. What is the greatest common divisor of b and k?
11
Suppose -482 = -3*o - 4*c + 879, 4 = -4*c. Let